et p be w(5). What is the greatest common factor of 423 and p?
9
Let v(h) = h - 3. Let g be v(7). Suppose 5*n - 24 = -x, 52 = 2*x - 2*n - 44. Calculate the greatest common divisor of x and g.
4
Suppose -2*c + 1 = b - 6*c, -5*c - 20 = 5*b. Let l be b/(-4)*(-15416)/(-123) + 2. What is the highest common divisor of 216 and l?
24
Suppose 113*c - 789944 = 761039 + 906767. What is the greatest common factor of 75 and c?
75
Let n be (22 + -17)*(-1)/1 + 1829. Calculate the greatest common factor of 114 and n.
114
Let v(l) = -4*l**3 - 5*l**2 + 8*l + 1. Let c be v(9). Let u be 20/100 + c/(-10). Calculate the greatest common divisor of 25 and u.
25
Let s = 4977 + -4863. Calculate the greatest common factor of s and 6726.
114
Suppose 5*j - 4*u = 4112, 0*u - 3292 = -4*j + 2*u. What is the highest common factor of 515 and j?
103
Suppose 3*n - 111 = -o - 0*o, -327 = -3*o - 3*n. Suppose 37 = 2*l - 11. Suppose -l = -8*k + 6*k. What is the greatest common factor of o and k?
12
Suppose 36*t - 8 = 6256. Suppose -7 = 2*a - 19. Calculate the greatest common factor of a and t.
6
Let l(g) = -g**3 + 5*g**2 + 70*g - 26. Let k be l(9). Calculate the highest common factor of k and 1750.
70
Let j be ((-57)/6)/((-61)/122). Suppose b - 509 = -148. Calculate the highest common divisor of j and b.
19
Suppose -26 = 217*h - 219*h. Suppose 14*r - 25 = h*r. What is the highest common factor of 25 and r?
25
Suppose 3*m - 22 + 31 = 0. Let u be 1*58 + m + 5. What is the highest common divisor of u and 105?
15
Let y(z) = 3 + 4*z**2 - 4 - 5 - 9*z + z**3. Suppose q + 7 = -l, -11*l + 19 = -16*l + 3*q. Let v be y(l). What is the greatest common divisor of v and 49?
7
Suppose 4*z - 190 = 482. Suppose 0 = -4*c + 4*p + z, -3*c - c + 189 = 3*p. What is the greatest common divisor of c and 15?
15
Let w(v) = 3*v - 3. Let y = -1 - -10. Let p be w(y). Let g be 112/60*10 - (-4)/(-6). What is the greatest common factor of g and p?
6
Suppose 5*d = -3*z + 36359, -38*z + 36295 = 5*d - 43*z. What is the highest common divisor of 65 and d?
13
Let n(z) = 4*z**2 - 3*z - 7. Let q be n(4). Calculate the highest common factor of 3090 and q.
15
Suppose 689*a = -126*a + 9923 + 19417. Let b = -256 - -400. Calculate the highest common factor of b and a.
36
Let j = -284 - -296. Let n be (-39)/13 + (j - 1). Calculate the greatest common factor of n and 224.
8
Let y = 264 + -56. Let x(a) = -3*a**2 - 395*a - 4152. Let c be x(-120). Calculate the greatest common divisor of y and c.
16
Suppose 8*o + 70 = 1134. Suppose -o + 109 = 3*k. Let w be (276/k - 3)*(-8)/10. What is the highest common factor of w and 6?
6
Let o(z) = -z**3 - 14*z**2 - 41*z - 39. Let r be o(-12). Suppose -59 - r = -4*y. What is the greatest common divisor of y and 308?
28
Suppose -4*g = -239 - 17. Let m = 6504 - 6472. Calculate the highest common divisor of g and m.
32
Let l be (-1*2 - 9196/114)*-3. What is the highest common factor of l and 64?
8
Let f = 249 - 247. Suppose 80 = 4*b - b - f*o, 2*o = -2*b + 40. Calculate the highest common factor of b and 456.
24
Suppose 149*b + 5969 = 66463. What is the highest common factor of 42 and b?
14
Let y(u) = -76*u - 280. Let a be y(-20). Calculate the greatest common divisor of 80 and a.
40
Let h be (-8)/(-1) - (-702)/72*36. Let g = 33 - 96. Let l = h + g. What is the highest common factor of l and 37?
37
Suppose -185 - 53 = -2*m + c, 4*c - 440 = -4*m. What is the greatest common factor of m and 212?
4
Suppose 11*a - 14 = -36. Let u = a + 7. What is the highest common factor of u and 215?
5
Let w = -3 - -1. Let d be (-13)/w*(-12)/(-2). Suppose 5*z - 1429 = -4*y, 22*y - 20*y + 4*z = 722. What is the highest common divisor of d and y?
39
Let q = -7115 - -7565. Calculate the highest common divisor of 315 and q.
45
Let c(z) = -32*z - 602. Let x be c(-25). Suppose 0 = 2*p - 3*l - 21, 3*l - 13 = -2*p + 14. Let r be p/3*22/4. What is the highest common factor of r and x?
22
Let g be 1 + 16 - (-3)/(-1). Let n(k) = 714*k + 12404. Let c be n(-17). What is the greatest common factor of g and c?
14
Let d = 1645 - 1575. Calculate the greatest common divisor of 1 and d.
1
Let v(b) = -b**3 - 2*b**2 + 91*b + 6. Let u be v(6). What is the greatest common factor of 42 and u?
6
Suppose i - 12 = 4*i + 5*t, 0 = 4*i + 2*t + 16. Let g be (-652)/(-44) - i/44*2. Calculate the highest common divisor of 33 and g.
3
Let d be (-14)/(-3) + (-2)/(-6). Suppose 2*w = d*w - 9. Let t = -1364880 + 1364928. Calculate the highest common factor of w and t.
3
Let y be (0 + (-4)/6)*-21. Suppose 14*l - 198*l = 148*l - 664. What is the highest common divisor of l and y?
2
Let q = 7175 + 11020. Calculate the greatest common factor of 15 and q.
15
Suppose f - 4*f - 2*f = 0. Suppose -4*u + f*u - 384 = 2*g, 5*g = 0. Let w be ((-10)/4 + 4)*u/(-9). What is the greatest common divisor of w and 16?
16
Let k(m) = -m**2 + 19*m + 524. Let f be k(34). Let z be (-2)/(-4)*-1*-14. Calculate the highest common factor of z and f.
7
Let s be ((-6)/7)/(6/(-21)). Suppose m = -t + 26, 47 + 21 = s*m + t. Suppose n - m = 19. What is the greatest common divisor of 16 and n?
8
Let c(x) = 26*x + 230. Let d be c(-6). Suppose -2*f + 50 = -36. Let z = d + f. Calculate the greatest common factor of 9 and z.
9
Let k = 678 - 502. Let x = 74 + -30. What is the highest common divisor of x and k?
44
Let d = -155 - -268. Let u = -45 + d. Let j(m) = m**3 - 15*m**2 - 15*m + 1. Let q be j(16). Calculate the highest common factor of u and q.
17
Let b(a) = -1 - 65*a + 21*a + 39*a. Suppose -2*p = -3*p - 4. Let m be b(p). What is the highest common divisor of 19 and m?
19
Let p be (-3)/4 - 6/(-8)*1093. Let n be (p/15)/(96/320). Calculate the greatest common divisor of n and 130.
26
Let z(s) = 2078*s - 144. Let g be z(3). What is the highest common divisor of g and 45?
15
Suppose 9*i - 47*i = -8496 + 1276. Calculate the greatest common factor of i and 2090.
190
Suppose 7*l + 419512 = 48*l. Let k be l/34 - 6/(-102). Calculate the greatest common factor of 129 and k.
43
Suppose -4*z + 6491 = -110*r + 105*r, 3*z - r = 4849. Calculate the highest common divisor of z and 6.
6
Suppose -1776 = -14*c + 198. Suppose -5*b + c = 2*s, -269 = -5*s - 2*b + 115. Calculate the highest common divisor of 39 and s.
39
Let m(h) = 134*h - 762. Let s be m(6). What is the greatest common divisor of s and 330?
6
Let g = 205 - 202. Suppose 3*h + 5*k = 368, k - 162 = g*h - 542. Calculate the greatest common divisor of h and 84.
42
Suppose -17 + 3 = 5*w + 2*r, 0 = -5*w - r - 17. Let t be 168/(-672) - (517/w - -1). Calculate the highest common factor of 4 and t.
4
Let q = 36665 - 35577. Calculate the greatest common divisor of q and 1152.
64
Suppose 22181 = 9*t - c, -15*t + 13*t = -c - 4933. Calculate the greatest common divisor of t and 231.
77
Suppose 4*x - 116 = -4*f, 2*f - 4*x - 79 = -3. Calculate the greatest common divisor of 1424 and f.
16
Suppose -208*l + 130254 + 433263 = 151677. What is the greatest common divisor of 225 and l?
45
Let t be 14179/154 + (-6)/84. Calculate the greatest common divisor of t and 46.
46
Suppose 0 = -f - 6*h + 326, -912 = -345*f + 342*f + 4*h. Calculate the highest common divisor of 440 and f.
44
Let b(g) = -19*g + 2. Let k be b(4). Let i = k - -191. Suppose -j = 5*r - i, -3*j - 14 + 5 = 0. What is the greatest common divisor of r and 96?
24
Suppose -26*h - 5*i + 1323 = -25*h, 8088 = 6*h + 5*i. Calculate the highest common factor of h and 492.
123
Let f be (-68 - 2)*(8 - 1218/147). Let j(n) = n**2 - 4*n + 4. Let v be j(4). Let z be 10/3*6/v. Calculate the highest common factor of z and f.
5
Let g be (300 + (6 - 5))/2*34 - -3. What is the greatest common factor of 128 and g?
128
Let q = 1686 - 1270. Calculate the greatest common factor of 260 and q.
52
Let x = -1757 + 2942. Suppose 0 = -18*d - x + 16827. Calculate the highest common divisor of 11 and d.
11
Suppose 6*r + 233 = -19. Let y be r/(-8) + (-205)/164. What is the greatest common divisor of y and 44?
4
Suppose p - 145 = -5*i, -p + 6*p - 4*i = 609. Suppose v - 3*m + 3 - p = 0, 621 = 5*v - 4*m. Calculate the highest common divisor of 15 and v.
5
Let v(c) = c**2 - 12*c + 13. Let d be v(11). Suppose 4*w + d*l = -82, 0 = w + w - 3*l + 29. Let g = 27 + w. What is the highest common divisor of g and 20?
4
Let t(j) = -15*j - 14